, 5*u + b*z - 50 = 4*z. Calculate the remainder when 148/(-6)*42/(-28) is divided by u.
7
Let v = 5 - 1. Suppose -4*d + 113 = 5*t, v*d - 66 = -3*t + d. Suppose 5*s = -5*k + 15 + t, 0 = 3*k. Calculate the remainder when 23 is divided by s.
7
Suppose 0 = -4*q - 3*j + 47, 43*q + 2*j + 30 = 48*q. What is the remainder when 66 is divided by q?
2
Suppose 3*b + 3*y - 108 = 0, 3*b = -b + 3*y + 151. What is the remainder when b is divided by 7?
2
Let k be 1/1*(-2)/3*-39. Suppose 5*j - 7*j + k = 0. Calculate the remainder when j is divided by 4.
1
Let n be 2/2*(-7 - -7). Suppose n = 2*z - z - 4. Suppose -z*f + 3*y + 344 = -y, -f - 4*y + 91 = 0. What is the remainder when f is divided by 22?
21
Let y be 3/(((-15)/34)/(-5)). Suppose y = 3*z - z. Let w = 293 + -287. Calculate the remainder when z is divided by w.
5
Suppose -160 = 15*a - 5*a. Let w(z) = z**2 + 12*z - 23. What is the remainder when 120 is divided by w(a)?
38
Let n be 3*2/6 - 1. Let u be (-55)/(-3) - 16/12. Suppose -k + u + 15 = n. What is the remainder when k is divided by 11?
10
Calculate the remainder when 164 is divided by (15 - 3/(-3)) + -1.
14
Let c(b) = 265*b**2 - 6*b + 8. What is the remainder when c(1) is divided by 69?
60
Suppose -5*n = -14 - 11, -5*n = -4*b - 17. Suppose -4*w + 54 = b*w. Calculate the remainder when w is divided by 4.
1
Let y(o) = o**2 + 12*o - 9. Let r be y(-13). Suppose 5*w = -5*c - 0*w + 5, r*w + 28 = 4*c. What is the remainder when 2 + 6/c*14 is divided by 8?
7
Let j be (-38)/133 - 604/(-7). Suppose 52 = 2*l + 4*t, 8*l - j = 4*l + t. What is the remainder when l is divided by 7?
1
Let g = 320 - 277. Calculate the remainder when g is divided by 11.
10
Suppose -5*w + 5*x = 0, -4*x = 5*w - 30 - 6. Suppose -9 + 1 = -k - 2*u, w*k - 3*u = 43. What is the remainder when 48 is divided by k?
8
Let s(g) = -2*g**2 + 3*g - 6. Let q be s(3). What is the remainder when ((-14)/(-4) - 2)*(-70)/q is divided by 48/20 + (-2)/5?
1
Let k(h) = 14*h**2 - 13*h + 26. Calculate the remainder when k(3) is divided by 42.
29
Suppose 85 = 3*v + 4*x, 2*v - 2*x - 64 = -x. Suppose t - 24 = -2*h - 2*h, -3*h = 4*t - v. Calculate the remainder when 14 is divided by h.
4
Let v(x) = 44*x**2 - 3*x + 7. Let w(f) = -43*f**2 + 3*f - 8. Let z(y) = 6*v(y) + 5*w(y). Calculate the remainder when 191 is divided by z(1).
47
Suppose 8*i = i + 609. Calculate the remainder when i is divided by 23.
18
Let p(m) = m - 1. Let v be p(-5). Let o(h) = 7*h - 111. Calculate the remainder when (124/12)/((-2)/v) is divided by o(17).
7
What is the remainder when (360/42)/(-5)*-175 is divided by 86?
42
Suppose -5*a - p - 18 = 0, -5*p = a + 3*a + 6. Suppose -b - 15 = -6*b. Calculate the remainder when a/(-6) - (-115)/b is divided by 14.
11
Let t be (1 - (-2)/(-10))*5. Suppose 0 = i - t, -4*c + 296 = 3*i - 0*i. Calculate the remainder when c is divided by 9.
8
Let w be (-8)/1 + ((-9)/3 - -2). Let o = 13 - w. Calculate the remainder when o is divided by 2.
0
Let o = -18 + 26. Suppose -5*s = -s - o. What is the remainder when 5 is divided by s?
1
Let u(z) = z**3 - 5*z**2 + 3*z + 9. What is the remainder when 119 is divided by u(6)?
56
Suppose 4*t = -2*r - 8, -t - 4*r - 2 = r. Suppose -2*w + 4*w = -78. Let b = t - w. What is the remainder when b is divided by 10?
7
Suppose 0 = 3*j + 4*k - 1981, -107*j - 3*k + 2646 = -103*j. What is the remainder when j is divided by 37?
34
Suppose 0 = 12*p - 731 - 61. Let n = 74 + -37. Let g = n + -20. What is the remainder when p is divided by g?
15
Let c be -1 + (2 + -152)/(-2). Suppose -d + 7 = -c. Suppose 5*u = d - 6. What is the remainder when 59 is divided by u?
14
Let d be (-2)/(-11) - (-36)/44. Suppose -2*q - 58 = -3*q. What is the remainder when q is divided by 12 + -3 + 5 + d?
13
Let r = -28 - -56. Suppose -r = -5*w - 3. Suppose 4*m + w*i = 44, 5*m + 3*i = -0*i + 68. Calculate the remainder when 31 is divided by m.
15
Suppose 0 = -8*v - 7*v + 585. What is the remainder when v is divided by 11?
6
Let c = 292 + -267. What is the remainder when 194 is divided by c?
19
Suppose -8*x + 208 = -24. Suppose 4 + x = b + 2*v, 0 = -3*b + v + 99. What is the remainder when b is divided by 13?
7
Let r(a) = -19*a + 653. Calculate the remainder when 906 is divided by r(33).
22
Suppose -3*y = -x - 2 + 9, 4*x - y = 72. Let c = -15 + x. Suppose c*l = l + 51. Calculate the remainder when l is divided by 9.
8
Suppose 0 = -4*b - b + 220. What is the remainder when b is divided by (11/(-22)*(2 - -78))/(-2) - 5?
14
Let m(c) = c**2 - 2*c - 10. Let l be m(8). Let k = l - 32. What is the remainder when 10 is divided by k?
4
Let i(x) = -x**2 + 14*x + 23. Let d be i(15). Suppose 4 = r, 4*a - 180 = r + d. What is the remainder when a is divided by 23?
2
Let h be 405/(-18) - 3/6. Let k = 12 - h. Calculate the remainder when k is divided by 24.
11
Suppose -7*m - 1097 + 1216 = 0. Let s = -10 + 19. Calculate the remainder when m is divided by s.
8
Let a(t) = -3*t**2 - 2*t - 2. Let z be a(-3). Calculate the remainder when (-1)/(2*2/(-44)) is divided by z/(-3) - 40/60.
4
Let w = -157 + 189. What is the remainder when (-5)/(-35) - 888/(-7) is divided by w?
31
Suppose 0 = -q, -8 = -3*o - 4*q - 2. Let d be (-4)/6*-6 - o. Suppose -35 = -d*b + 9. What is the remainder when b is divided by 9?
4
Suppose -4*h + 8*h = 3*q + 213, h - 2*q = 52. Calculate the remainder when h is divided by 11.
10
What is the remainder when 49 is divided by 218/10 - (58/10 - 7)?
3
Calculate the remainder when 3/(-3) - -7 - (-17 + -48) is divided by 59.
12
Suppose 0 = 18*w - 869 - 6763. What is the remainder when w is divided by 208?
8
Let z(l) = -6*l + 159. Calculate the remainder when 83 is divided by z(14).
8
Let s(i) = 7*i**2 + 12*i - 14. Calculate the remainder when s(5) is divided by 74.
73
Let i(a) = -a**3 + 28*a + 214. Calculate the remainder when i(-7) is divided by 73.
69
Let n(d) = -d - 2. Let v be n(-7). Let t = -14 - -91. What is the remainder when t is divided by (-2)/(-10) + 99/v?
17
Let z = 441 + -430. What is the remainder when 19 is divided by z?
8
Let c(q) = 4*q**2 - q. Suppose -5*r - 70 - 45 = 0. Let x = r + 28. What is the remainder when c(-2) is divided by x?
3
Let i be (-6)/48 - 937/(-8). Suppose 0 = -2*g - 1 + 3, 3*g = -2*c + i. What is the remainder when c is divided by 12?
9
Let g(j) = 4*j + 4. Let n(x) = -x**3 - 11*x**2 + 13*x + 15. Let m be n(-12). Let s be g(m). Calculate the remainder when (300/s)/((-3)/(-8)) is divided by 17.
16
Suppose 3*y - y = 4. Suppose -s - s = 2*m - 8, 2 = -m. Suppose -3*l + 7*l - s = -2*d, -l = 0. Calculate the remainder when d is divided by y.
1
Suppose 4*s = q + 228, 0 = s - 2*q - 3*q - 38. Suppose -2*d - d = -48. Calculate the remainder when s is divided by d.
10
Suppose 9*g + 4 - 13 = 0. What is the remainder when 26 is divided by g*2 - 80/(-16)?
5
Suppose -749 = -3*i - l + 575, -3*i = -5*l - 1318. Calculate the remainder when i is divided by 88.
1
Let h be (6/(-4))/((-18)/96). Let s = h - 4. Suppose -2*a = 0, -3*c = s*a + a - 33. Calculate the remainder when 21 is divided by c.
10
Let r(m) = m**3 - 4*m**2 + 20*m - 157. Calculate the remainder when 44 is divided by r(6).
9
Let g(c) = 7*c**3 + 3*c**2 - 3*c. Let t(s) = -s**3 - 12*s**2 - 6*s - 51. What is the remainder when g(2) is divided by t(-12)?
20
Let c be 2*-15*((-28)/8 - -3). Suppose -6*r + c*r - 387 = 0. Calculate the remainder when r is divided by 9.
7
Let s = 13 - 6. Let z = 105 + -27. Suppose -4*g - 102 = -5*y, 5*g = -5*y + g + z. Calculate the remainder when y is divided by s.
4
Let z(y) = 2*y**3 - 3*y**2 - 3*y + 16. What is the remainder when 713 is divided by z(3)?
33
Suppose 2*g = -3*k, 5*g + 0*k + 3*k + 18 = 0. Let l = g + 10. Calculate the remainder when 32 is divided by (-4 - (l - 11))*3.
5
Suppose n - 16 = 5*n - 2*d, -2*n = d + 8. Let v = -1 - n. Suppose -v*z = -6*z + 9, 0 = 3*k + 3*z - 51. What is the remainder when k is divided by 5?
4
Let l = -1 + 1. Suppose v - 28 = -l. Suppose 23*i + 2*i - 2050 = 0. What is the remainder when i is divided by v?
26
Let z(x) = -x**3 + 11*x**2 - 20*x - 5. Calculate the remainder when 85 is divided by z(8).
4
Suppose 20 = -2*f + 28. Let d(g) = -g + 1. Let q = 27 + -39. What is the remainder when d(q) is divided by f?
1
Calculate the remainder when 20/(-110) + (-3)/33*-497 is divided by 3